ert -13 (base 12) to base 10.
-15
What is -57 (base 9) in base 16?
-34
Convert 10d (base 14) to base 15.
de
What is 201 (base 11) in base 8?
363
What is -b (base 14) in base 4?
-23
1a1 (base 11) to base 16
e8
-44 (base 6) to base 4
-130
Convert -1043 (base 5) to base 13.
-b5
-11 (base 2) to base 7
-3
Convert -9 (base 13) to base 3.
-100
What is 1 (base 15) in base 14?
1
Convert 0 (base 13) to base 8.
0
Convert -4 (base 15) to base 7.
-4
-211 (base 3) to base 11
-20
-10002 (base 3) to base 7
-146
What is 7 (base 10) in base 12?
7
-93 (base 14) to base 7
-243
Convert -17 (base 14) to base 12.
-19
-6 (base 7) to base 15
-6
-345 (base 6) to base 4
-2021
Convert -22 (base 4) to base 9.
-11
What is -5 (base 10) in base 11?
-5
What is -5 (base 6) in base 4?
-11
-146 (base 9) to base 15
-83
What is -7 (base 11) in base 16?
-7
What is 0 (base 13) in base 9?
0
What is -35 (base 16) in base 5?
-203
Convert 26 (base 7) to base 15.
15
-3 (base 15) to base 9
-3
What is 13 (base 5) in base 14?
8
-11 (base 6) to base 3
-21
-73 (base 10) to base 9
-81
What is 13 (base 6) in base 2?
1001
52 (base 9) to base 7
65
What is 29 (base 15) in base 5?
124
What is 1010 (base 2) in base 13?
a
What is 16 (base 7) in base 11?
12
Convert 1d (base 14) to base 13.
21
28 (base 9) to base 10
26
0 (base 5) to base 12
0
64 (base 13) to base 4
1102
-6 (base 15) to base 11
-6
4 (base 6) to base 9
4
Convert -32 (base 9) to base 10.
-29
What is -246 (base 11) in base 8?
-444
14 (base 8) to base 5
22
What is -12 (base 3) in base 7?
-5
Convert -17 (base 15) to base 4.
-112
4 (base 8) to base 2
100
What is -136 (base 12) in base 11?
-15a
What is 80 (base 11) in base 6?
224
What is -171 (base 15) in base 3?
-110021
Convert -101 (base 2) to base 9.
-5
Convert 6 (base 14) to base 12.
6
0 (base 6) to base 13
0
What is 1 (base 15) in base 11?
1
Convert -18 (base 11) to base 9.
-21
Convert 4d (base 16) to base 4.
1031
3 (base 8) to base 3
10
Convert 10 (base 8) to base 15.
8
Convert -10 (base 2) to base 8.
-2
0 (base 3) to base 7
0
Convert -11 (base 16) to base 4.
-101
-3 (base 15) to base 11
-3
0 (base 12) to base 14
0
-501 (base 6) to base 16
-b5
Convert -1 (base 6) to base 8.
-1
1 (base 6) to base 15
1
2 (base 9) to base 14
2
Convert -3 (base 9) to base 2.
-11
Convert 33 (base 6) to base 8.
25
What is 0 (base 2) in base 12?
0
Convert 60 (base 10) to base 14.
44
-20 (base 12) to base 11
-22
Convert 0 (base 7) to base 3.
0
2 (base 5) to base 9
2
7a (base 11) to base 10
87
What is 51 (base 7) in base 4?
210
-222 (base 3) to base 10
-26
Convert -1a (base 16) to base 13.
-20
Convert -3 (base 8) to base 13.
-3
Convert 4 (base 6) to base 3.
11
Convert 2 (base 12) to base 8.
2
What is 1 (base 7) in base 6?
1
What is -1 (base 11) in base 15?
-1
What is -3131 (base 4) in base 8?
-335
What is 101 (base 2) in base 15?
5
Convert 100001 (base 2) to base 13.
27
What is 45 (base 7) in base 8?
41
What is -1221 (base 5) in base 14?
-d4
Convert 11 (base 3) to base 5.
4
-1010 (base 2) to base 4
-22
Convert -215 (base 8) to base 16.
-8d
7 (base 8) to base 4
13
What is -111 (base 4) in base 13?
-18
53 (base 8) to base 15
2d
3 (base 7) to base 5
3
-202 (base 9) to base 11
-13a
What is -74 (base 8) in base 6?
-140
Convert 3 (base 13) to base 16.
3
What is 1 (base 6) in base 4?
1
What is 3 (base 16) in base 4?
3
Convert 61 (base 9) to base 16.
37
Convert -233 (base 4) to base 16.
-2f
What is -3 (base 9) in base 11?
-3
-10110 (base 2) to base 5
-42
What is -e (base 15) in base 4?
-32
What is -6 (base 10) in base 16?
-6
What is 2 (base 15) in base 6?
2
Convert -35 (base 7) to base 2.
-11010
Convert -10 (base 10) to base 9.
-11
What is -114 (base 5) in base 3?
-1021
What is -20 (base 3) in base 16?
-6
What is 7b (base 14) in base 3?
11001
Convert -1 (base 13) to base 8.
-1
-7 (base 12) to base 10
-7
Convert 13 (base 13) to base 14.
12
What is -19 (base 12) in base 10?
-21
What is 1 (base 10) in base 3?
1
-20 (base 9) to base 15
-13
98 (base 16) to base 7
305
11 (base 2) to base 12
3
What is 67 (base 8) in base 3?
2001
Convert 10 (base 4) to base 13.
4
What is 1 (base 16) in base 2?
1
What is -23 (base 13) in base 15?
-1e
Convert 10 (base 5) to base 12.
5
What is -2 (base 4) in base 8?
-2
What is 12 (base 15) in base 10?
17
What is 4 (base 12) in base 9?
4
18 (base 10) to base 11
17
What is 11 (base 15) in base 6?
24
-323 (base 7) to base 13
-c8
Convert -110 (base 8) to base 5.
-242
Convert -3 (base 8) to base 5.
-3
What is 9 (base 10) in base 11?
9
102 (base 7) to base 13
3c
Convert 3 (base 4) to base 14.
3
What is -231 (base 4) in base 3?
-1200
What is 5 (base 14) in base 9?
5
Convert -87 (base 13) to base 12.
-93
-1 (base 14) to base 4
-1
Convert 91 (base 14) to base 15.
87
Convert -8 (base 11) to base 5.
-13
What is -45 (base 7) in base 9?
-36
Convert 10 (base 3) to base 12.
3
131 (base 6) to base 16
37
Convert -234 (base 9) to base 8.
-301
What is -1 (base 15) in base 14?
-1
Convert 10 (base 10) to base 6.
14
Convert 112 (base 3) to base 9.
15
Convert 153 (base 6) to base 9.
76
185 (base 10) to base 5
1220
What is -5 (base 6) in base 2?
-101
-2 (base 8) to base 13
-2
What is 61 (base 16) in base 8?
141
Convert -10 (base 3) to base 14.
-3
Convert 15 (base 10) to base 12.
13
Convert -30 (base 5) to base 7.
-21
Convert -12 (base 13) to base 16.
-f
-84 (base 10) to base 7
-150
What is -34 (base 5) in base 8?
-23
Convert 5 (base 12) to base 3.
12
Convert 1 (base 16) to base 14.
1
What is -220 (base 7) in base 5?
-422
Convert 0 (base 9) to base 2.
0
Convert 45 (base 8) to base 7.
52
Convert -6 (base 10) to base 16.
-6
Convert 47 (base 13) to base 2.
111011
Convert -1223 (base 4) to base 3.
-10222
26 (base 9) to base 16
18
What is 3 (base 13) in base 11?
3
Convert 1 (base 11) to base 13.
1
What is -2 (base 5) in base 16?
-2
Convert -12 (base 10) to base 4.
-30
What is -110110 (base 2) in base 14?
-3c
What is 1001 (base 2) in base 8?
11
Convert -23 (base 7) to base 11.
-16
Convert d (base 14) to base 3.
111
Convert -1 (base 4) to base 15.
-1
-506 (base 7) to base 10
-251
What is 4 (base 12) in base 5?
4
What is -4 (base 10) in base 7?
-4
Convert 3 (base 16) to base 14.
3
What is -16 (base 9) in base 11?
-14
-5 (base 7) to base 6
-5
208 (base 10) to base 8
320
What is 2 (base 5) in base 9?
2
-1 (base 6) to base 3
-1
Convert -5 (base 13) to base 3.
-12
-3 (base 10) to base 3
-10
11 (base 4) to base 15
5
-32 (base 14) to base 2
-101100
-10 (base 12) to base 2
-1100
What is 121 (base 7) in base 2?
1000000
What is 3 (base 7) in base 12?
3
Convert -34 (base 7) to base 9.
-27
Convert 43 (base 7) to base 3.
1011
What is -4 (base 12) in base 8?
-4
What is 1 (base 6) in base 3?
1
Convert -1214 (base 6) to base 10.
-298
-1111 (base 2) to base 10
-15
20 (base 5) to base 15
a
What is b1 (base 13) in base 12?
100
What is 1 (base 15) in base 5?
1
Convert 13 (base 13) to base 16.
10
-1221 (base 3) to base 11
-48
2 (base 9) to base 4
2
Convert 33 (base 12) to base 9.
43
Convert -8 (base 16) to base 8.
-10
Convert -17 (base 14) to base 13.
-18
Convert -2101 (base 3) to base 12.
-54
Convert -58 (base 13) to base 5.
-243
What is -1 (base 10) in base 9?
-1
What is -11 (base 15) in base 7?
-22
What is 171 (base 11) in base 15?
d4
a (base 11) to base 2
1010
Convert -6 (base 13) to base 12.
-6
Convert -2 (base 7) to base 14.
-2
362 (base 8) to base 10
242
Convert 35 (base 16) to base 14.
3b
What is -8 (base 13) in base 4?
-20
What is -4 (base 9) in base 14?
-4
-602 (base 8) to base 5
-3021
-eb (base 16) to base 8
-353
What is -24 (base 8) in base 3?
-202
What is -7 (base 11) in base 3?
-21
What is -ba (base 12) in base 5?
-1032
0 (base 8) to base 2
0
Convert 39 (base 12) to base 5.
140
Convert -12 (base 6) to base 5.
-13
What is b (base 12) in base 16?
b
6 (base 15) to base 5
11
-39 (base 14) to base 13
-3c
38 (base 12) to base 15
2e
4 (base 8) to base 10
4
What is -1 (base 14) in base 10?
-1
What is -33 (base 13) in base 7?
-60
-78 (base 14) to base 15
-71
What is -3 (base 12) in base 2?
-11
3e (base 16) to base 4
332
2 (base 9) to base 6
2
What is -4 (base 13) in base 5?
-4
Convert 100 (base 6) to base 14.
28
Convert -102 (base 4) to base 8.
-22
Convert -6 (base 12) to base 16.
-6
-1c (base 14) to base 2
-11010
What is -14 (base 15) in b